te the highest common factor of 217 and 961.
31
What is the greatest common factor of 200 and 616?
8
Calculate the greatest common factor of 23 and 2.
1
Calculate the highest common divisor of 15 and 12.
3
What is the highest common factor of 6 and 150?
6
Calculate the highest common factor of 7490 and 42.
14
Calculate the greatest common divisor of 276 and 108.
12
Calculate the greatest common divisor of 112 and 1176.
56
Calculate the greatest common divisor of 2336 and 146.
146
Calculate the greatest common divisor of 12 and 444.
12
Calculate the highest common factor of 840 and 21.
21
What is the greatest common divisor of 846 and 94?
94
What is the greatest common factor of 574 and 14?
14
What is the greatest common factor of 30376 and 8?
8
What is the greatest common divisor of 1305 and 957?
87
Calculate the highest common factor of 38 and 5206.
38
Calculate the greatest common factor of 64 and 4624.
16
Calculate the highest common factor of 221 and 208.
13
What is the greatest common factor of 396 and 88?
44
Calculate the greatest common divisor of 217 and 78120.
217
Calculate the highest common divisor of 37 and 3737.
37
What is the greatest common divisor of 390 and 510?
30
What is the highest common factor of 30200 and 80?
40
Calculate the greatest common divisor of 17 and 119.
17
What is the highest common divisor of 339 and 15481?
113
What is the highest common factor of 1430 and 845?
65
Calculate the greatest common factor of 876 and 324.
12
Calculate the greatest common divisor of 28 and 13.
1
What is the greatest common divisor of 16 and 752?
16
What is the greatest common divisor of 1216 and 64?
64
Calculate the greatest common factor of 2613 and 2010.
201
Calculate the highest common factor of 139 and 417.
139
Calculate the greatest common divisor of 6617 and 13.
13
Calculate the greatest common divisor of 51 and 9.
3
What is the highest common factor of 682 and 22?
22
What is the greatest common divisor of 305 and 122?
61
Calculate the greatest common factor of 53 and 53.
53
Calculate the highest common divisor of 1136 and 1917.
71
Calculate the greatest common factor of 236 and 2596.
236
What is the greatest common factor of 3120 and 720?
240
What is the greatest common factor of 2068 and 235?
47
What is the greatest common divisor of 68 and 128?
4
What is the greatest common divisor of 54 and 576?
18
Calculate the greatest common factor of 5460 and 30.
30
Calculate the greatest common factor of 1007 and 38.
19
What is the greatest common factor of 19560 and 360?
120
What is the greatest common divisor of 492 and 36?
12
Calculate the greatest common divisor of 7 and 63.
7
Calculate the greatest common factor of 30 and 2370.
30
Calculate the greatest common divisor of 8 and 3532.
4
What is the highest common factor of 20 and 5140?
20
Calculate the greatest common factor of 72 and 72.
72
What is the highest common factor of 30 and 138?
6
What is the greatest common divisor of 5250 and 336?
42
What is the greatest common divisor of 36 and 1332?
36
Calculate the greatest common factor of 676 and 26.
26
What is the highest common divisor of 8 and 1528?
8
What is the greatest common divisor of 5610 and 198?
66
What is the greatest common factor of 740 and 60?
20
Calculate the greatest common divisor of 5226 and 268.
134
Calculate the highest common divisor of 360 and 108.
36
Calculate the greatest common divisor of 285 and 15.
15
Calculate the greatest common factor of 114 and 6.
6
What is the greatest common divisor of 3790 and 70?
10
Calculate the greatest common factor of 17 and 221.
17
What is the highest common factor of 40 and 1300?
20
What is the highest common divisor of 70 and 10?
10
Calculate the greatest common factor of 3350 and 200.
50
Calculate the greatest common divisor of 219 and 73.
73
Calculate the highest common divisor of 75 and 11175.
75
What is the highest common divisor of 4047 and 57?
57
What is the highest common divisor of 484 and 3751?
121
Calculate the highest common factor of 12142 and 26.
26
What is the greatest common factor of 4 and 3?
1
Calculate the greatest common divisor of 57 and 114.
57
Calculate the highest common factor of 16 and 256.
16
What is the highest common factor of 210 and 450?
30
What is the greatest common factor of 48 and 240?
48
Calculate the greatest common divisor of 689 and 52.
13
Calculate the highest common factor of 12 and 14556.
12
What is the highest common factor of 533 and 13?
13
Calculate the highest common factor of 92 and 1172.
4
Calculate the greatest common factor of 154 and 330.
22
What is the highest common factor of 156 and 192?
12
Calculate the highest common divisor of 1160 and 29.
29
Calculate the greatest common factor of 80757 and 81.
81
What is the highest common factor of 18 and 10242?
18
What is the highest common factor of 406 and 145?
29
What is the greatest common factor of 203 and 29?
29
Calculate the highest common factor of 510 and 13515.
255
Calculate the highest common factor of 104 and 88.
8
What is the greatest common divisor of 15950 and 22?
22
What is the greatest common factor of 34 and 289?
17
Calculate the highest common factor of 126 and 140.
14
Calculate the highest common factor of 43 and 344.
43
Calculate the highest common divisor of 368 and 400.
16
Calculate the highest common factor of 1235 and 380.
95
What is the highest common divisor of 162 and 72?
18
What is the highest common factor of 3536 and 663?
221
What is the greatest common divisor of 143 and 99?
11
What is the highest common factor of 775 and 4960?
155
Calculate the greatest common factor of 30 and 1815.
15
Calculate the greatest common factor of 950 and 304.
38
Calculate the greatest common divisor of 741 and 19.
19
What is the highest common factor of 63 and 49?
7
What is the highest common divisor of 97 and 194?
97
Calculate the greatest common factor of 18 and 846.
18
Calculate the greatest common factor of 35 and 2155.
5
What is the highest common factor of 343 and 7?
7
Calculate the greatest common factor of 779 and 133.
19
Calculate the highest common factor of 40 and 3890.
10
Calculate the highest common factor of 2444 and 156.
52
Calculate the highest common divisor of 545 and 1417.
109
Calculate the highest common divisor of 325 and 25.
25
What is the greatest common divisor of 5 and 107?
1
Calculate the highest common factor of 2000 and 24.
8
What is the highest common divisor of 600 and 325?
25
Calculate the greatest common factor of 50 and 100.
50
Calculate the highest common divisor of 168 and 112.
56
What is the greatest common factor of 140 and 100?
20
What is the greatest common factor of 325 and 100?
25
What is the greatest common divisor of 8729 and 87?
29
Calculate the greatest common divisor of 4872 and 96.
24
Calculate the highest common divisor of 530 and 80.
10
What is the highest common divisor of 2075 and 75?
25
What is the greatest common divisor of 3419 and 1841?
263
What is the highest common divisor of 14359 and 519?
173
Calculate the highest common factor of 36618 and 102.
102
What is the greatest common factor of 15 and 230?
5
Calculate the greatest common divisor of 357 and 147.
21
What is the highest common divisor of 540 and 60?
60
Calculate the greatest common divisor of 243 and 99.
9
What is the greatest common divisor of 11 and 13343?
11
Calculate the highest common divisor of 868 and 924.
28
Calculate the greatest common divisor of 63 and 45.
9
Calculate the greatest common divisor of 157 and 2.
1
What is the greatest common divisor of 3121 and 1?
1
What is the greatest common factor of 836 and 988?
76
What is the highest common factor of 266 and 5434?
38
Calculate the highest common factor of 53548 and 44.
44
What is the highest common factor of 252 and 336?
84
Calculate the greatest common divisor of 32 and 656.
16
Calculate the greatest common divisor of 130 and 325.
65
What is the highest common factor of 9 and 7407?
9
Calculate the greatest common divisor of 1003 and 17.
17
What is the greatest common divisor of 84 and 952?
28
What is the greatest common divisor of 1813 and 2?
1
What is the greatest common divisor of 16309 and 235?
47
What is the highest common factor of 885 and 165?
15
What is the greatest common diviso